d
What is -2002311 (base 4) in base 14?
-30a1
Convert 100101110101010010 (base 2) to base 13.
556c2
What is 1a206d (base 16) in base 12?
6a6a65
What is 30142143 (base 5) in base 11?
1545a3
159265 (base 15) to base 6
34210352
314000320 (base 5) to base 12
533721
-211001022031 (base 4) to base 10
-9704077
What is -13bdc (base 15) in base 9?
-106010
What is -1102022211 (base 3) in base 7?
-144313
What is -2021334421 (base 5) in base 16?
-3e6882
What is -2310166 (base 7) in base 12?
-11a961
What is 7629117 (base 10) in base 11?
4340961
What is -263153 (base 13) in base 15?
-132c55
Convert -2454321 (base 6) to base 9.
-220814
Convert -19a3d9 (base 15) to base 7.
-13423143
a6453 (base 11) to base 10
154938
Convert -8a0249 (base 14) to base 15.
-628c09
Convert -41426633 (base 7) to base 3.
-20120010012112
Convert 21473 (base 9) to base 7.
56343
20020200120 (base 3) to base 12
5b1b9
Convert -74715 (base 8) to base 14.
-b513
Convert -1504c7 (base 13) to base 16.
-7db79
What is 3433 (base 5) in base 12?
351
-124223142 (base 5) to base 8
-2265521
Convert -20040114 (base 5) to base 9.
-261726
Convert 690326 (base 10) to base 8.
2504226
What is 52252331 (base 7) in base 16?
43217f
Convert 868611 (base 10) to base 7.
10245252
What is -23a04 (base 16) in base 11?
-9a6a9
Convert -12301020 (base 5) to base 12.
-58971
What is 6241167 (base 9) in base 15?
45cc24
What is -1123159 (base 11) in base 16?
-1dfff8
-432210 (base 7) to base 6
-1340130
842a1 (base 13) to base 11
152692
1320542 (base 7) to base 12
8424b
What is -110101110111011111 (base 2) in base 11?
-140851
-369aa (base 15) to base 11
-109a64
Convert 232a3 (base 12) to base 8.
133733
What is 121102200012 (base 3) in base 9?
542605
Convert -30b81 (base 14) to base 9.
-188174
What is -1110011010111 (base 2) in base 9?
-11113
-3ab8d (base 14) to base 2
-100011011001001001
-324438 (base 10) to base 7
-2520612
-26723 (base 15) to base 3
-20020212120
Convert -18470b0 (base 12) to base 14.
-960484
What is 1132251 (base 9) in base 8?
2252777
What is -303525 (base 6) in base 4?
-11321231
Convert 200234400 (base 5) to base 9.
1433570
-992b22 (base 12) to base 14
-473dd8
Convert -100011111100010101 (base 2) to base 15.
-2d94b
Convert -11013000102 (base 4) to base 13.
-37b867
-7c2734 (base 13) to base 5
-1223304103
Convert -172567 (base 9) to base 4.
-122012110
Convert -112221211122 (base 3) to base 9.
-487748
What is -b9a93 (base 12) in base 7?
-2040603
Convert -12210416 (base 7) to base 8.
-4132631
-75a93 (base 14) to base 7
-2264043
26060e (base 16) to base 7
30116032
Convert 1112222011 (base 3) to base 8.
73603
What is -213411230 (base 5) in base 7?
-10546643
What is -988ae (base 15) in base 5?
-111001324
23101213 (base 5) to base 11
131107
Convert -15472114 (base 8) to base 13.
-97c488
Convert -474506 (base 13) to base 16.
-19dc12
Convert 111241341 (base 7) to base 5.
3211442410
What is 33203122 (base 6) in base 9?
1777255
3411132 (base 13) to base 16
f41697
What is -836447 (base 9) in base 7?
-4136305
Convert 163918 (base 11) to base 15.
503d3
-32969bb (base 12) to base 4
-210310330133
What is 10334652 (base 8) in base 14?
41768a
What is -11023121201 (base 4) in base 9?
-2488012
What is 131254565 (base 7) in base 15?
b0dee2
What is 2a6b591 (base 12) in base 4?
200310231331
Convert 1256282 (base 11) to base 7.
24326436
What is -4101631 (base 8) in base 5?
-234113030
34aab (base 12) to base 10
70691
Convert -210202222022200 (base 3) to base 13.
-25228c2
What is 38033a (base 13) in base 12?
5491a3
Convert -1a059 (base 14) to base 7.
-363142
Convert 3200024 (base 6) to base 7.
1215313
What is -4515410 (base 6) in base 3?
-102120210120
What is -2102002210112 (base 3) in base 11?
-7a5840
Convert -18615b (base 12) to base 3.
-210121101222
Convert 31cd21 (base 16) to base 11.
192a140
11628a (base 15) to base 12
34097a
Convert -10120332 (base 4) to base 13.
-8253
240310402 (base 5) to base 4
10031133230
110110101222120 (base 3) to base 5
3143341440
What is 19098 (base 16) in base 4?
121002120
-1b74d56 (base 14) to base 3
-221211110102121
Convert -6675751 (base 8) to base 5.
-430114233
-685396 (base 10) to base 12
-290784
1101011100011110 (base 2) to base 15
114b5
What is -23443432 (base 6) in base 2?
-10110011111010101100
What is -3022112032 (base 4) in base 10?
-828814
Convert 775774 (base 8) to base 9.
437158
What is -2081e (base 16) in base 9?
-222574
Convert 2220322001 (base 4) to base 6.
22454545
128a301 (base 15) to base 5
11404130201
Convert 135c525 (base 13) to base 15.
80a8c3
What is 42660026 (base 7) in base 3?
20212011122022
Convert 561154 (base 11) to base 12.
371870
Convert -1170717 (base 9) to base 3.
-1012100210121
What is 1a6d0da (base 14) in base 8?
62202570
-235474 (base 10) to base 8
-713722
What is 416198 (base 13) in base 10?
1527209
Convert -212200122010202 (base 3) to base 11.
-711a002
What is -12cb15 (base 15) in base 4?
-3130213010
Convert 157857 (base 9) to base 5.
11111112
Convert -3022340 (base 7) to base 8.
-1274322
What is 32553 (base 10) in base 11?
22504
What is 1111111110001010 (base 2) in base 5?
4043133
-807819 (base 10) to base 4
-3011032023
What is 351140 (base 9) in base 14?
56b70
Convert 232433011 (base 5) to base 6.
34430543
-21b0842 (base 12) to base 6
-350125322
Convert 10534353 (base 9) to base 15.
6ab689
Convert 12202210100221 (base 3) to base 5.
1241111232
-10330024444 (base 5) to base 12
-38aa359
Convert -1011100000000001010111 (base 2) to base 8.
-13400127
Convert a36a08 (base 14) to base 5.
2402340140
-301cb (base 14) to base 2
-11100001110100111
Convert 1624bd (base 15) to base 16.
105769
-496b (base 12) to base 3
-102101002
What is 1054231521 (base 6) in base 15?
105bd34
Convert 2644416 (base 7) to base 8.
1246275
What is -3213818 (base 9) in base 7?
-20430632
What is -273713 (base 8) in base 15?
-1d788
Convert -16302621 (base 8) to base 4.
-32120112101
Convert 1011000000100001011 (base 2) to base 10.
360715
Convert 6523240 (base 7) to base 16.
c24ee
What is -57530 (base 12) in base 13?
-41070
-21002001112111 (base 3) to base 12
-1314311
Convert -2203130103 (base 4) to base 13.
-1a593b
21120100002200 (base 3) to base 11
22a7842
-52610a (base 12) to base 9
-2384881
-5ad989 (base 14) to base 8
-13673665
Convert 16b7994 (base 12) to base 14.
8ac480
What is -1010203213 (base 4) in base 14?
-74499
44423426 (base 7) to base 8
16510133
-378468 (base 11) to base 12
-249492
220022034 (base 5) to base 15
138364
What is 689164 (base 11) in base 2?
100001011011110110100
What is 614315 (base 9) in base 2?
1011000110111111100
Convert -1147948 (base 11) to base 3.
-10202200201121
What is 6005370 (base 8) in base 12?
63ba20
Convert -12624005 (base 7) to base 9.
-2166232
What is 13102200 (base 5) in base 14?
34b33
Convert 144501233 (base 6) to base 3.
12200200202110
What is -41c234 (base 13) in base 2?
-101111000000101111110
Convert 319c8a (base 16) to base 2.
1100011001110010001010
Convert 1562442 (base 7) to base 15.
4446c
What is -21202000221122 (base 3) in base 2?
-1111101100100000000111
Convert -41e494 (base 15) to base 6.
-151120234
Convert -1001011010101001010011 (base 2) to base 5.
-1112442220
What is 112120100020 (base 3) in base 4?
1012000122
What is 1024501205 (base 6) in base 7?
161223422
What is -4160205 (base 7) in base 16?
-7a898
-1211473 (base 9) to base 16
-a0743
-330301264 (base 7) to base 16
-12e5e04
What is -101113223 (base 4) in base 15?
-16132
Convert 202020120 (base 3) to base 12.
8659
-41245414 (base 6) to base 13
-327ba1
-1b4a06 (base 12) to base 15
-98bc6
Convert d312 (base 14) to base 15.
ab36
Convert 2160349 (base 10) to base 8.
10173335
Convert 7b0010 (base 14) to base 2.
1111111110010011011110
69397 (base 10) to base 11
48159
What is -416521 (base 9) in base 6?
-5150031
8486 (base 14) to base 8
54506
323532 (base 8) to base 6
2153430
310111313 (base 4) to base 3
101220002102
-8139 (base 10) to base 9
-12143
What is 221312121312 (base 4) in base 14?
1658126
What is -668c3 (base 13) in base 10?
-186059
Convert 101001101010101111 (base 2) to base 15.
35881
Convert -10101010010001010 (base 2) to base 14.
-23ab0
What is -1722 (base 9) in base 7?
-3560
Convert -2b4d7 (base 15) to base 14.
-38b89
What is -1000040434 (base 5) in base 10?
-1955744
What is 2324